{"id":98,"date":"2018-01-11T06:32:02","date_gmt":"2018-01-11T06:32:02","guid":{"rendered":"http:\/\/www.valbuena.es\/?page_id=98"},"modified":"2022-11-13T20:08:56","modified_gmt":"2022-11-13T20:08:56","slug":"inicio","status":"publish","type":"page","link":"https:\/\/www.valbuena.es\/","title":{"rendered":""},"content":{"rendered":"\n<figure class=\"wp-block-image alignwide size-large\"><img loading=\"lazy\" width=\"1024\" height=\"768\" src=\"http:\/\/www.valbuena.es\/wp-content\/uploads\/2018\/02\/Iphone-18-127-1024x768.jpg\" alt=\"\" class=\"wp-image-397\" srcset=\"https:\/\/www.valbuena.es\/wp-content\/uploads\/2018\/02\/Iphone-18-127-1024x768.jpg 1024w, https:\/\/www.valbuena.es\/wp-content\/uploads\/2018\/02\/Iphone-18-127-300x225.jpg 300w, https:\/\/www.valbuena.es\/wp-content\/uploads\/2018\/02\/Iphone-18-127-768x576.jpg 768w, https:\/\/www.valbuena.es\/wp-content\/uploads\/2018\/02\/Iphone-18-127-510x382.jpg 510w, https:\/\/www.valbuena.es\/wp-content\/uploads\/2018\/02\/Iphone-18-127-1080x810.jpg 1080w, https:\/\/www.valbuena.es\/wp-content\/uploads\/2018\/02\/Iphone-18-127.jpg 1600w\" sizes=\"(max-width: 1024px) 100vw, 1024px\" \/><\/figure>\n\n\n\n<div style=\"height:24px\" aria-hidden=\"true\" class=\"wp-block-spacer\"><\/div>\n\n\n<ul class=\"wp-block-latest-posts__list has-dates aligncenter wp-block-latest-posts\"><li><div class=\"wp-block-latest-posts__featured-image alignleft\"><a href=\"https:\/\/www.valbuena.es\/index.php\/2025\/01\/17\/la-justicia-acosada\/\" aria-label=\"LA JUSTICIA ACOSADA\"><img width=\"150\" height=\"150\" src=\"https:\/\/www.valbuena.es\/wp-content\/uploads\/2025\/01\/GO-150x150.jpg\" class=\"attachment-thumbnail size-thumbnail wp-post-image\" alt=\"\" loading=\"lazy\" style=\"max-width:113px;max-height:113px;\" \/><\/a><\/div><a class=\"wp-block-latest-posts__post-title\" href=\"https:\/\/www.valbuena.es\/index.php\/2025\/01\/17\/la-justicia-acosada\/\">LA JUSTICIA ACOSADA<\/a><time datetime=\"2025-01-17T07:19:54+00:00\" class=\"wp-block-latest-posts__post-date\">17\/01\/2025<\/time><div class=\"wp-block-latest-posts__post-excerpt\">Al hilo del comportamiento de Conde Pumpido, Garc\u00eda Ortiz, Bola\u00f1os y S\u00e1nchez&#8230;<\/div><\/li>\n<li><div class=\"wp-block-latest-posts__featured-image alignleft\"><a href=\"https:\/\/www.valbuena.es\/index.php\/2025\/01\/14\/badajoz-parada-y-fonda\/\" aria-label=\"BADAJOZ, CAMINOS Y CONDUMIOS\"><img width=\"150\" height=\"150\" src=\"https:\/\/www.valbuena.es\/wp-content\/uploads\/2025\/01\/Extremadura-150x150.jpg\" class=\"attachment-thumbnail size-thumbnail wp-post-image\" alt=\"\" loading=\"lazy\" style=\"max-width:113px;max-height:113px;\" \/><\/a><\/div><a class=\"wp-block-latest-posts__post-title\" href=\"https:\/\/www.valbuena.es\/index.php\/2025\/01\/14\/badajoz-parada-y-fonda\/\">BADAJOZ, CAMINOS Y CONDUMIOS<\/a><time datetime=\"2025-01-14T17:03:30+00:00\" class=\"wp-block-latest-posts__post-date\">14\/01\/2025<\/time><div class=\"wp-block-latest-posts__post-excerpt\">Caminos y condumios de la Baja Extremadura&#8230;<\/div><\/li>\n<li><div class=\"wp-block-latest-posts__featured-image alignleft\"><a href=\"https:\/\/www.valbuena.es\/index.php\/2025\/01\/10\/el-dia-que-murio-franco\/\" aria-label=\"EL D\u00cdA QUE MURI\u00d3 FRANCO\"><img width=\"150\" height=\"150\" src=\"https:\/\/www.valbuena.es\/wp-content\/uploads\/2025\/01\/Bar-4-150x150.jpg\" class=\"attachment-thumbnail size-thumbnail wp-post-image\" alt=\"\" loading=\"lazy\" style=\"max-width:113px;max-height:113px;\" \/><\/a><\/div><a class=\"wp-block-latest-posts__post-title\" href=\"https:\/\/www.valbuena.es\/index.php\/2025\/01\/10\/el-dia-que-murio-franco\/\">EL D\u00cdA QUE MURI\u00d3 FRANCO<\/a><time datetime=\"2025-01-10T08:15:17+00:00\" class=\"wp-block-latest-posts__post-date\">10\/01\/2025<\/time><div class=\"wp-block-latest-posts__post-excerpt\">Y en eso el poeta record\u00f3 un verso de Federico que dec\u00eda algo sobre un coraz\u00f3n al que ya no le cab\u00edan m\u00e1s heridas\n\n<\/div><\/li>\n<li><div class=\"wp-block-latest-posts__featured-image alignleft\"><a href=\"https:\/\/www.valbuena.es\/index.php\/2025\/01\/07\/tontolaba\/\" aria-label=\"TONTOLABA\"><img width=\"150\" height=\"150\" src=\"https:\/\/www.valbuena.es\/wp-content\/uploads\/2025\/01\/Roscon-150x150.jpg\" class=\"attachment-thumbnail size-thumbnail wp-post-image\" alt=\"\" loading=\"lazy\" style=\"max-width:113px;max-height:113px;\" \/><\/a><\/div><a class=\"wp-block-latest-posts__post-title\" href=\"https:\/\/www.valbuena.es\/index.php\/2025\/01\/07\/tontolaba\/\">TONTOLABA<\/a><time datetime=\"2025-01-07T12:23:56+00:00\" class=\"wp-block-latest-posts__post-date\">07\/01\/2025<\/time><div class=\"wp-block-latest-posts__post-excerpt\">Reyes, 6 de enero&#8230;<\/div><\/li>\n<li><div class=\"wp-block-latest-posts__featured-image alignleft\"><a href=\"https:\/\/www.valbuena.es\/index.php\/2025\/01\/03\/que-no-llueva\/\" aria-label=\"QUE NO LLUEVA\"><img width=\"150\" height=\"150\" src=\"https:\/\/www.valbuena.es\/wp-content\/uploads\/2025\/01\/Melchor-19-45-150x150.jpg\" class=\"attachment-thumbnail size-thumbnail wp-post-image\" alt=\"\" loading=\"lazy\" style=\"max-width:113px;max-height:113px;\" \/><\/a><\/div><a class=\"wp-block-latest-posts__post-title\" href=\"https:\/\/www.valbuena.es\/index.php\/2025\/01\/03\/que-no-llueva\/\">QUE NO LLUEVA<\/a><time datetime=\"2025-01-03T16:25:51+00:00\" class=\"wp-block-latest-posts__post-date\">03\/01\/2025<\/time><div class=\"wp-block-latest-posts__post-excerpt\">Llueve cuando el torilero descerraja la puerta de toriles. Cuando sale el Cristo. Cuando la Virgen le llora. Cuando muere un ni\u00f1o\u2026<\/div><\/li>\n<li><div class=\"wp-block-latest-posts__featured-image alignleft\"><a href=\"https:\/\/www.valbuena.es\/index.php\/2024\/12\/27\/tazas-de-barro-ingles\/\" aria-label=\"TAZAS DE BARRO INGL\u00c9S\"><img width=\"150\" height=\"150\" src=\"https:\/\/www.valbuena.es\/wp-content\/uploads\/2024\/12\/Scalextric-67-150x150.jpg\" class=\"attachment-thumbnail size-thumbnail wp-post-image\" alt=\"\" loading=\"lazy\" style=\"max-width:113px;max-height:113px;\" \/><\/a><\/div><a class=\"wp-block-latest-posts__post-title\" href=\"https:\/\/www.valbuena.es\/index.php\/2024\/12\/27\/tazas-de-barro-ingles\/\">TAZAS DE BARRO INGL\u00c9S<\/a><time datetime=\"2024-12-27T09:36:32+00:00\" class=\"wp-block-latest-posts__post-date\">27\/12\/2024<\/time><div class=\"wp-block-latest-posts__post-excerpt\">El caf\u00e9 en aquellas tacitas que solo se usaban por Navidad y que mi madre dec\u00eda que eran de barro ingl\u00e9s&#8230;<\/div><\/li>\n<li><div class=\"wp-block-latest-posts__featured-image alignleft\"><a href=\"https:\/\/www.valbuena.es\/index.php\/2024\/12\/20\/belen-a-la-fuga\/\" aria-label=\"BEL\u00c9N A LA FUGA\"><img width=\"150\" height=\"150\" src=\"https:\/\/www.valbuena.es\/wp-content\/uploads\/2024\/12\/Belen-24-150x150.jpg\" class=\"attachment-thumbnail size-thumbnail wp-post-image\" alt=\"\" loading=\"lazy\" style=\"max-width:113px;max-height:113px;\" \/><\/a><\/div><a class=\"wp-block-latest-posts__post-title\" href=\"https:\/\/www.valbuena.es\/index.php\/2024\/12\/20\/belen-a-la-fuga\/\">BEL\u00c9N A LA FUGA<\/a><time datetime=\"2024-12-20T05:39:19+00:00\" class=\"wp-block-latest-posts__post-date\">20\/12\/2024<\/time><div class=\"wp-block-latest-posts__post-excerpt\">El mercado de mi barrio ya no monta su bel\u00e9n. \u00bfD\u00f3nde lo tendr\u00e1n? \u00bfD\u00f3nde pasar\u00e1 la Navidad?<\/div><\/li>\n<li><a class=\"wp-block-latest-posts__post-title\" href=\"https:\/\/www.valbuena.es\/index.php\/2024\/12\/06\/duelo-de-angeles-en-el-paraiso-socialista\/\">DUELO DE \u00c1NGELES EN EL PARA\u00cdSO (SOCIALISTA)<\/a><time datetime=\"2024-12-06T13:43:57+00:00\" class=\"wp-block-latest-posts__post-date\">06\/12\/2024<\/time><div class=\"wp-block-latest-posts__post-excerpt\">A sartenazos andan en el PSOE extreme\u00f1o&#8230; por no perder el asiento<\/div><\/li>\n<li><div class=\"wp-block-latest-posts__featured-image alignleft\"><a href=\"https:\/\/www.valbuena.es\/index.php\/2024\/11\/29\/el-caso-juan-perez\/\" aria-label=\"EL CASO JUAN P\u00c9REZ\"><img width=\"150\" height=\"150\" src=\"https:\/\/www.valbuena.es\/wp-content\/uploads\/2024\/11\/Juan-y-Perez-150x150.jpg\" class=\"attachment-thumbnail size-thumbnail wp-post-image\" alt=\"\" loading=\"lazy\" style=\"max-width:113px;max-height:113px;\" \/><\/a><\/div><a class=\"wp-block-latest-posts__post-title\" href=\"https:\/\/www.valbuena.es\/index.php\/2024\/11\/29\/el-caso-juan-perez\/\">EL CASO JUAN P\u00c9REZ<\/a><time datetime=\"2024-11-29T07:25:34+00:00\" class=\"wp-block-latest-posts__post-date\">29\/11\/2024<\/time><div class=\"wp-block-latest-posts__post-excerpt\">En la Diputaci\u00f3n de Badajoz, si te llamas Juan P\u00e9rez, no hay caso\u2026<\/div><\/li>\n<li><div class=\"wp-block-latest-posts__featured-image alignleft\"><a href=\"https:\/\/www.valbuena.es\/index.php\/2024\/11\/21\/lo-de-malagon\/\" aria-label=\"EL PLEITO DE MALAG\u00d3N\"><img width=\"150\" height=\"150\" src=\"https:\/\/www.valbuena.es\/wp-content\/uploads\/2024\/11\/JA-Oleo-3-150x150.jpg\" class=\"attachment-thumbnail size-thumbnail wp-post-image\" alt=\"\" loading=\"lazy\" style=\"max-width:113px;max-height:113px;\" \/><\/a><\/div><a class=\"wp-block-latest-posts__post-title\" href=\"https:\/\/www.valbuena.es\/index.php\/2024\/11\/21\/lo-de-malagon\/\">EL PLEITO DE MALAG\u00d3N<\/a><time datetime=\"2024-11-21T19:42:27+00:00\" class=\"wp-block-latest-posts__post-date\">21\/11\/2024<\/time><div class=\"wp-block-latest-posts__post-excerpt\">Aunque les pese a los partidarios de levantar m\u00e1s polvo del necesario&#8230;<\/div><\/li>\n<li><div class=\"wp-block-latest-posts__featured-image alignleft\"><a href=\"https:\/\/www.valbuena.es\/index.php\/2024\/11\/21\/ver-correr\/\" aria-label=\"VER CORRER\"><img width=\"150\" height=\"150\" src=\"https:\/\/www.valbuena.es\/wp-content\/uploads\/2024\/11\/Carrera-1-150x150.jpg\" class=\"attachment-thumbnail size-thumbnail wp-post-image\" alt=\"\" loading=\"lazy\" style=\"max-width:113px;max-height:113px;\" \/><\/a><\/div><a class=\"wp-block-latest-posts__post-title\" href=\"https:\/\/www.valbuena.es\/index.php\/2024\/11\/21\/ver-correr\/\">VER CORRER<\/a><time datetime=\"2024-11-21T06:08:02+00:00\" class=\"wp-block-latest-posts__post-date\">21\/11\/2024<\/time><div class=\"wp-block-latest-posts__post-excerpt\">En cabeza, cinco o seis corredores se disputan el triunfo, se calibran las fuerzas, se acechan&#8230;<\/div><\/li>\n<li><div class=\"wp-block-latest-posts__featured-image alignleft\"><a href=\"https:\/\/www.valbuena.es\/index.php\/2024\/11\/15\/95\/\" aria-label=\"94\"><img width=\"150\" height=\"150\" src=\"https:\/\/www.valbuena.es\/wp-content\/uploads\/2024\/11\/Clint-150x150.jpg\" class=\"attachment-thumbnail size-thumbnail wp-post-image\" alt=\"\" loading=\"lazy\" style=\"max-width:113px;max-height:113px;\" \/><\/a><\/div><a class=\"wp-block-latest-posts__post-title\" href=\"https:\/\/www.valbuena.es\/index.php\/2024\/11\/15\/95\/\">94<\/a><time datetime=\"2024-11-15T06:28:49+00:00\" class=\"wp-block-latest-posts__post-date\">15\/11\/2024<\/time><div class=\"wp-block-latest-posts__post-excerpt\">Al final Clint Eastwood ha resultado ser a\u00fan m\u00e1s duro de lo que parec\u00eda&#8230;<\/div><\/li>\n<\/ul>\n\n\n<div style=\"height:81px\" aria-hidden=\"true\" class=\"wp-block-spacer\"><\/div>\n\n\n<div class=\"wp-block-image\">\n<figure class=\"aligncenter size-medium is-resized\"><img loading=\"lazy\" src=\"http:\/\/www.valbuena.es\/wp-content\/uploads\/2018\/01\/cropped-cropped-firma-fernando-valbuena-300x102.png\" alt=\"\" class=\"wp-image-738\" width=\"481\" height=\"164\" srcset=\"https:\/\/www.valbuena.es\/wp-content\/uploads\/2018\/01\/cropped-cropped-firma-fernando-valbuena-300x102.png 300w, https:\/\/www.valbuena.es\/wp-content\/uploads\/2018\/01\/cropped-cropped-firma-fernando-valbuena-1024x347.png 1024w, https:\/\/www.valbuena.es\/wp-content\/uploads\/2018\/01\/cropped-cropped-firma-fernando-valbuena-768x260.png 768w, https:\/\/www.valbuena.es\/wp-content\/uploads\/2018\/01\/cropped-cropped-firma-fernando-valbuena-1536x521.png 1536w, https:\/\/www.valbuena.es\/wp-content\/uploads\/2018\/01\/cropped-cropped-firma-fernando-valbuena.png 1557w\" sizes=\"(max-width: 481px) 100vw, 481px\" \/><\/figure><\/div>\n\n\n<div style=\"height:51px\" aria-hidden=\"true\" class=\"wp-block-spacer\"><\/div>\n\n\n\n<p><\/p>\n\n\n\n<p><\/p>\n\n\n\n<p><\/p>\n\n\n\n<div class=\"wp-container-1 is-content-justification-center wp-block-buttons alignfull\">\n<div class=\"wp-block-button has-custom-font-size is-style-fill has-small-font-size\"><a class=\"wp-block-button__link has-black-background-color has-background\" href=\"http:\/\/www.valbuena.es\/index.php\/blog\/\" style=\"border-radius:0px\">Archivo<\/a><\/div>\n<\/div>\n\n\n\n<div style=\"height:0px\" aria-hidden=\"true\" class=\"wp-block-spacer\"><\/div>\n","protected":false},"excerpt":{"rendered":"","protected":false},"author":2,"featured_media":0,"parent":0,"menu_order":0,"comment_status":"open","ping_status":"closed","template":"","meta":{"_genesis_hide_title":false,"_genesis_hide_breadcrumbs":false,"_genesis_hide_singular_image":false,"_genesis_hide_footer_widgets":false,"_genesis_custom_body_class":"","_genesis_custom_post_class":"","_genesis_layout":""},"_links":{"self":[{"href":"https:\/\/www.valbuena.es\/index.php\/wp-json\/wp\/v2\/pages\/98"}],"collection":[{"href":"https:\/\/www.valbuena.es\/index.php\/wp-json\/wp\/v2\/pages"}],"about":[{"href":"https:\/\/www.valbuena.es\/index.php\/wp-json\/wp\/v2\/types\/page"}],"author":[{"embeddable":true,"href":"https:\/\/www.valbuena.es\/index.php\/wp-json\/wp\/v2\/users\/2"}],"replies":[{"embeddable":true,"href":"https:\/\/www.valbuena.es\/index.php\/wp-json\/wp\/v2\/comments?post=98"}],"version-history":[{"count":195,"href":"https:\/\/www.valbuena.es\/index.php\/wp-json\/wp\/v2\/pages\/98\/revisions"}],"predecessor-version":[{"id":1174,"href":"https:\/\/www.valbuena.es\/index.php\/wp-json\/wp\/v2\/pages\/98\/revisions\/1174"}],"wp:attachment":[{"href":"https:\/\/www.valbuena.es\/index.php\/wp-json\/wp\/v2\/media?parent=98"}],"curies":[{"name":"wp","href":"https:\/\/api.w.org\/{rel}","templated":true}]}}